{"id":1029,"date":"2026-02-05T20:23:34","date_gmt":"2026-02-05T19:23:34","guid":{"rendered":"http:\/\/serwer2502930.home.pl\/autoinstalator\/wordpressplugins\/?page_id=1029"},"modified":"2026-02-05T20:24:28","modified_gmt":"2026-02-05T19:24:28","slug":"polityka-prywatnosci","status":"publish","type":"page","link":"https:\/\/creatilaw.pl\/index.php\/polityka-prywatnosci\/","title":{"rendered":""},"content":{"rendered":"\n<style>\n.cl-privacy-section {\n  width: 100vw;\n  margin-left: calc(-50vw + 50%);\n  padding: 60px 20px;\n  background: #fff;\n  position: relative;\n  z-index: 1;\n}\n\n.cl-privacy-inner {\n  max-width: 900px;\n  margin: 0 auto;\n}\n\n.cl-privacy-title {\n  color: #1f2937;\n  font-size: 32px;\n  font-weight: 600;\n  text-transform: uppercase;\n  letter-spacing: 2px;\n  margin-bottom: 8px;\n  text-align: center;\n}\n\n.cl-privacy-title::after {\n  content: '';\n  display: block;\n  width: 60px;\n  height: 3px;\n  background: #1f2937;\n  margin: 12px auto 40px auto;\n}\n\n.cl-privacy-section-title {\n  color: #1f2937;\n  font-size: 18px;\n  font-weight: 600;\n  margin: 32px 0 16px 0;\n}\n\n.cl-privacy-text {\n  color: #333;\n  font-size: 16px;\n  line-height: 1.8;\n  margin-bottom: 16px;\n}\n\n.cl-privacy-text a {\n  color: #0073e6;\n  text-decoration: none;\n}\n\n.cl-privacy-text a:hover {\n  text-decoration: underline;\n}\n\n.cl-privacy-list {\n  color: #333;\n  font-size: 16px;\n  line-height: 1.8;\n  margin: 0 0 16px 24px;\n  padding: 0;\n}\n\n.cl-privacy-list li {\n  margin-bottom: 8px;\n}\n\n@media (min-width: 1600px) {\n  .cl-privacy-inner {\n    max-width: 1000px;\n  }\n}\n\n@media (max-width: 768px) {\n  .cl-privacy-inner {\n    padding: 0 10px;\n  }\n  \n  .cl-privacy-title {\n    font-size: 24px;\n  }\n}\n<\/style>\n\n<section class=\"cl-privacy-section\">\n  <div class=\"cl-privacy-inner\">\n    <h1 class=\"cl-privacy-title\">Polityka prywatno\u015bci i plik\u00f3w cookies<\/h1>\n    \n    <p class=\"cl-privacy-text\">1. CreatiLaw Grudniewska, Tokarski, Gieroba Radcowie Prawni, przetwarzaj\u0105 dane osobowe, w zwi\u0105zku z funkcjonowaniem serwisu internetowego prowadzonego pod adresem: www.creatilaw.com (dalej jako: \u201eSerwis&#8221;).<\/p>\n    \n    <h2 class=\"cl-privacy-section-title\">Administrator<\/h2>\n    \n    <p class=\"cl-privacy-text\">2. Administratorem danych osobowych jest Kancelaria Radcy Prawnego Natalia Grudniewska oraz Kancelaria Radcy Prawnego Dominik Tokarski (dalej jako: \u201eAdministrator&#8221;), kt\u00f3ry przetwarza dane osobowe zgodnie z przepisami powszechnie obowi\u0105zuj\u0105cego prawa, w tym w szczeg\u00f3lno\u015bci Rozporz\u0105dzenia Parlamentu Europejskiego i Rady (UE) 2016\/679 z dnia 27 kwietnia 2016 r. w sprawie ochrony os\u00f3b fizycznych w zwi\u0105zku z przetwarzaniem danych osobowych i w sprawie swobodnego przep\u0142ywu takich danych oraz uchylenia dyrektywy 95\/46\/WE (og\u00f3lne rozporz\u0105dzenie o ochronie danych) (dalej jako: \u201eRODO&#8221;) oraz ustawy z dnia 10 maja 2018 r. o ochronie danych osobowych.<\/p>\n    \n    <p class=\"cl-privacy-text\">3. Kontakt z Administratorem jest mo\u017cliwy poprzez adres e-mail: <a href=\"mailto:kancelaria@creatilaw.com\">kancelaria@creatilaw.com<\/a>.<\/p>\n    \n    <h2 class=\"cl-privacy-section-title\">Cel przetwarzania danych osobowych<\/h2>\n    \n    <p class=\"cl-privacy-text\">4. Dane osobowe os\u00f3b korzystaj\u0105cych z Serwisu przetwarzane s\u0105 przez Administratora:<\/p>\n    <ul class=\"cl-privacy-list\">\n      <li>a) w zakresie niezb\u0119dnym do wykonania us\u0142ugi prawnej, w celu realizacji um\u00f3w z klientami, kontrahentami, pracownikami lub wsp\u00f3\u0142pracownikami;<\/li>\n      <li>b) w celu \u015bwiadczenia us\u0142ug drog\u0105 elektroniczn\u0105 w zakresie udost\u0119pniania tre\u015bci gromadzonych w Serwisie \u2013 w\u00f3wczas podstaw\u0105 prawn\u0105 przetwarzania jest niezb\u0119dno\u015b\u0107 przetwarzania do wykonania umowy (art. 6 ust. 1 lit. b RODO);<\/li>\n      <li>c) w celu ustalenia i dochodzenia roszcze\u0144 lub obrony przed roszczeniami \u2013 podstaw\u0105 prawn\u0105 przetwarzania jest prawnie uzasadniony interes Administratora (art. 6 ust. 1 lit. f RODO), polegaj\u0105cy na ochronie jego praw.<\/li>\n    <\/ul>\n    \n    <h2 class=\"cl-privacy-section-title\">Formularz kontaktowy<\/h2>\n    \n    <p class=\"cl-privacy-text\">5. Administrator zapewnia mo\u017cliwo\u015b\u0107 skontaktowania si\u0119 z nim przy wykorzystaniu elektronicznego formularza kontaktowego. Skorzystanie z formularza wymaga podania danych osobowych niezb\u0119dnych do nawi\u0105zania kontaktu z u\u017cytkownikiem i udzielenia odpowiedzi na zapytanie. U\u017cytkownik mo\u017ce poda\u0107 tak\u017ce inne dane w celu u\u0142atwienia kontaktu lub obs\u0142ugi zapytania. Podanie danych oznaczonych jako obowi\u0105zkowe jest wymagane w celu przyj\u0119cia i obs\u0142ugi zapytania, a ich niepodanie skutkuje brakiem mo\u017cliwo\u015bci obs\u0142ugi. Podanie pozosta\u0142ych danych jest dobrowolne.<\/p>\n    \n    <p class=\"cl-privacy-text\">6. Dane osobowe s\u0105 przetwarzane w celu identyfikacji nadawcy oraz obs\u0142ugi jego zapytania przes\u0142anego przez udost\u0119pniony formularz \u2013 podstaw\u0105 prawn\u0105 przetwarzania jest niezb\u0119dno\u015b\u0107 przetwarzania do wykonania umowy o \u015bwiadczenie us\u0142ugi (art. 6 ust. 1 lit. b RODO); w zakresie danych podanych fakultatywnie podstaw\u0105 prawn\u0105 przetwarzania jest zgoda (art. 6 ust. 1 lit. a RODO).<\/p>\n    \n    <h2 class=\"cl-privacy-section-title\">Pliki Cookies<\/h2>\n    \n    <p class=\"cl-privacy-text\">7. Administrator w ramach Serwisu korzysta z plik\u00f3w Cookies.<\/p>\n    \n    <p class=\"cl-privacy-text\">8. Pliki Cookies (ciasteczka) s\u0105 to niewielkie informacje tekstowe w postaci plik\u00f3w tekstowych, wysy\u0142ane przez serwer i zapisywane po stronie osoby odwiedzaj\u0105cej Serwis (np. na dysku twardym komputera, laptopa, czy te\u017c na karcie pami\u0119ci smartfona \u2013 w zale\u017cno\u015bci z jakiego urz\u0105dzenia korzysta odwiedzaj\u0105cy niniejsz\u0105 stron\u0119 internetow\u0105).<\/p>\n    \n    <p class=\"cl-privacy-text\">9. Administrator mo\u017ce przetwarza\u0107 dane zawarte w plikach Cookies podczas korzystania przez U\u017cytkownika ze strony internetowej w nast\u0119puj\u0105cych celach:<\/p>\n    <ul class=\"cl-privacy-list\">\n      <li>a) dostosowywania zawarto\u015bci strony do indywidualnych preferencji U\u017cytkownika (np. dotycz\u0105cych kolor\u00f3w, rozmiaru czcionki, uk\u0142adu strony);<\/li>\n      <li>b) prowadzenia anonimowych statystyk przedstawiaj\u0105cych spos\u00f3b korzystania ze strony internetowej, w tym informacji o ilo\u015bci oraz cz\u0119stotliwo\u015bci odwiedzania strony internetowej.<\/li>\n    <\/ul>\n    \n    <p class=\"cl-privacy-text\">10. Standardowo wi\u0119kszo\u015b\u0107 przegl\u0105darek internetowych dost\u0119pnych na rynku domy\u015blnie akceptuje zapisywanie plik\u00f3w Cookies. Ka\u017cdy ma mo\u017cliwo\u015b\u0107 okre\u015blenia warunk\u00f3w korzystania z plik\u00f3w Cookies za pomoc\u0105 ustawie\u0144 w\u0142asnej przegl\u0105darki internetowej. Oznacza to, \u017ce mo\u017cna np. cz\u0119\u015bciowo ograniczy\u0107 (np. czasowo) lub ca\u0142kowicie wy\u0142\u0105czy\u0107 mo\u017cliwo\u015b\u0107 zapisywania plik\u00f3w Cookies \u2013 w tym ostatnim wypadku jednak mo\u017ce to mie\u0107 wp\u0142yw na funkcjonalno\u015b\u0107 Serwisu.<\/p>\n    \n    <p class=\"cl-privacy-text\">11. Ustawienia przegl\u0105darki internetowej w zakresie plik\u00f3w Cookies mog\u0105 zosta\u0107 w ka\u017cdej chwili zmienione.<\/p>\n    \n    <p class=\"cl-privacy-text\">12. Szczeg\u00f3\u0142owe informacje na temat zmiany ustawie\u0144 dotycz\u0105cych plik\u00f3w Cookies oraz ich samodzielnego usuwania w najpopularniejszych przegl\u0105darkach internetowych dost\u0119pne s\u0105 w dziale pomocy przegl\u0105darki internetowej.<\/p>\n    \n    <p class=\"cl-privacy-text\">13. Niezale\u017cnie od ustawie\u0144 przegl\u0105darki U\u017cytkownikowi, kt\u00f3ry wchodzi po raz pierwszy na Serwis powinien wy\u015bwietli\u0107 si\u0119 komunikat, informuj\u0105cy go o wykorzystywanych przez Administratora plikach Cookies oraz o mo\u017cliwo\u015bci ich akceptacji, b\u0105d\u017a odrzucenia.<\/p>\n    \n    <h2 class=\"cl-privacy-section-title\">Okres przetwarzania Danych osobowych<\/h2>\n    \n    <p class=\"cl-privacy-text\">14. Okres przetwarzania danych przez Administratora zale\u017cy od rodzaju \u015bwiadczonej us\u0142ugi i celu przetwarzania. Co do zasady dane przetwarzane s\u0105 przez czas \u015bwiadczenia us\u0142ugi, do czasu wycofania wyra\u017conej zgody lub zg\u0142oszenia skutecznego sprzeciwu wzgl\u0119dem przetwarzania danych w przypadkach, gdy podstaw\u0105 prawn\u0105 przetwarzania danych jest prawnie uzasadniony interes Administratora.<\/p>\n    \n    <p class=\"cl-privacy-text\">15. Okres przetwarzania danych mo\u017ce by\u0107 przed\u0142u\u017cony w przypadku, gdy przetwarzanie jest niezb\u0119dne do ustalenia i dochodzenia ewentualnych roszcze\u0144 lub obrony przed roszczeniami, a po tym czasie jedynie w przypadku i w zakresie, w jakim b\u0119d\u0105 wymaga\u0107 tego przepisy prawa. Po up\u0142ywie okresu przetwarzania dane s\u0105 nieodwracalnie usuwane lub anonimizowane.<\/p>\n    \n    <h2 class=\"cl-privacy-section-title\">Uprawnienia u\u017cytkownika<\/h2>\n    \n    <p class=\"cl-privacy-text\">16. U\u017cytkownikowi przys\u0142uguje prawo dost\u0119pu do tre\u015bci danych oraz \u017c\u0105dania ich sprostowania, usuni\u0119cia, ograniczenia przetwarzania, prawo do przenoszenia danych oraz prawo wniesienia skargi do organu nadzorczego zajmuj\u0105cego si\u0119 ochron\u0105 danych osobowych.<\/p>\n    \n    <p class=\"cl-privacy-text\">17. U\u017cytkownikowi przys\u0142uguje r\u00f3wnie\u017c prawo wniesienia sprzeciwu wzgl\u0119dem przetwarzania danych, kt\u00f3re odbywa si\u0119 w oparciu o prawnie uzasadniony interes Administratora.<\/p>\n    \n    <p class=\"cl-privacy-text\">18. W zakresie, w jakim dane U\u017cytkownika przetwarzane s\u0105 na podstawie zgody, mo\u017cna t\u0119 zgod\u0119 wycofa\u0107 w dowolnym momencie, kontaktuj\u0105c si\u0119 z Administratorem poprzez adres e-mail: <a href=\"mailto:kancelaria@creatilaw.com\">kancelaria@creatilaw.com<\/a>.<\/p>\n    \n    <h2 class=\"cl-privacy-section-title\">Odbiorcy Danych osobowych<\/h2>\n    \n    <p class=\"cl-privacy-text\">19. W zwi\u0105zku z realizacj\u0105 us\u0142ug dane osobowe b\u0119d\u0105 ujawniane zewn\u0119trznym podmiotom, w tym w szczeg\u00f3lno\u015bci dostawcom us\u0142ug IT pozwalaj\u0105cym na prawid\u0142owe korzystanie z Serwisu.<\/p>\n    \n    <p class=\"cl-privacy-text\">20. Administrator zastrzega sobie prawo ujawnienia wybranych informacji dotycz\u0105cych u\u017cytkownika w\u0142a\u015bciwym organom b\u0105d\u017a osobom trzecim, kt\u00f3re zg\u0142osz\u0105 \u017c\u0105danie udzielenia takich informacji, opieraj\u0105c si\u0119 na odpowiedniej podstawie prawnej oraz zgodnie z przepisami obowi\u0105zuj\u0105cego prawa.<\/p>\n    \n    <h2 class=\"cl-privacy-section-title\">Przekazywanie Danych osobowych poza EOG<\/h2>\n    \n    <p class=\"cl-privacy-text\">21. Poziom ochrony danych osobowych poza Europejskim Obszarem Gospodarczym (EOG) r\u00f3\u017cni si\u0119 od tego zapewnianego przez prawo europejskie. Z tego powodu Administrator przekazuje dane osobowe poza EOG tylko wtedy, gdy jest to konieczne, i z zapewnieniem odpowiedniego stopnia ochrony, przede wszystkim poprzez:<\/p>\n    <ul class=\"cl-privacy-list\">\n      <li>a) wsp\u00f3\u0142prac\u0119 z podmiotami przetwarzaj\u0105cymi dane osobowe w pa\u0144stwach, w odniesieniu do kt\u00f3rych zosta\u0142a wydana stosowna decyzja Komisji Europejskiej dotycz\u0105ca stwierdzenia zapewnienia odpowiedniego stopnia ochrony Danych osobowych;<\/li>\n      <li>b) stosowanie standardowych klauzul umownych wydanych przez Komisj\u0119 Europejsk\u0105;<\/li>\n      <li>c) stosowanie wi\u0105\u017c\u0105cych regu\u0142 korporacyjnych zatwierdzonych przez w\u0142a\u015bciwy organ nadzorczy.<\/li>\n    <\/ul>\n    \n    <p class=\"cl-privacy-text\">22. Administrator zawsze informuje o zamiarze przekazania danych osobowych poza EOG na etapie ich zbierania.<\/p>\n    \n    <h2 class=\"cl-privacy-section-title\">Bezpiecze\u0144stwo Danych osobowych<\/h2>\n    \n    <p class=\"cl-privacy-text\">23. Administrator na bie\u017c\u0105co prowadzi analiz\u0119 ryzyka w celu zapewnienia, \u017ce dane osobowe przetwarzane s\u0105 przez niego w spos\u00f3b bezpieczny \u2013 zapewniaj\u0105cy przede wszystkim, \u017ce dost\u0119p do danych maj\u0105 jedynie osoby upowa\u017cnione i jedynie w zakresie, w jakim jest to niezb\u0119dne ze wzgl\u0119du na wykonywane przez nie zadania. Administrator dba o to, by wszystkie operacje na danych osobowych by\u0142y rejestrowane i dokonywane jedynie przez uprawnionych pracownik\u00f3w i wsp\u00f3\u0142pracownik\u00f3w.<\/p>\n    \n    <p class=\"cl-privacy-text\">24. Administrator podejmuje wszelkie niezb\u0119dne dzia\u0142ania, by tak\u017ce jego podwykonawcy i inne podmioty wsp\u00f3\u0142pracuj\u0105ce dawa\u0142y gwarancj\u0119 stosowania odpowiednich \u015brodk\u00f3w bezpiecze\u0144stwa w ka\u017cdym przypadku, gdy przetwarzaj\u0105 dane osobowe na zlecenie Administratora.<\/p>\n    \n    <h2 class=\"cl-privacy-section-title\">Zmiany Polityki prywatno\u015bci<\/h2>\n    \n    <p class=\"cl-privacy-text\">25. Polityka jest na bie\u017c\u0105co weryfikowana i w razie potrzeby aktualizowana.<\/p>\n    \n    <p class=\"cl-privacy-text\">26. Aktualna wersja Polityki zosta\u0142a przyj\u0119ta i obowi\u0105zuje od 1 stycznia 2026 r.<\/p>\n  <\/div>\n<\/section>\n","protected":false},"excerpt":{"rendered":"<p>Polityka prywatno\u015bci i plik\u00f3w cookies 1. CreatiLaw Grudniewska, Tokarski, Gieroba Radcowie Prawni, przetwarzaj\u0105 dane osobowe, w zwi\u0105zku z funkcjonowaniem serwisu internetowego prowadzonego pod adresem: www.creatilaw.com (dalej jako: \u201eSerwis&#8221;). Administrator 2. Administratorem danych osobowych jest Kancelaria Radcy Prawnego Natalia Grudniewska oraz Kancelaria Radcy Prawnego Dominik Tokarski (dalej jako: \u201eAdministrator&#8221;), kt\u00f3ry przetwarza dane osobowe zgodnie z przepisami &#8230; <a title=\"\" class=\"read-more\" href=\"https:\/\/creatilaw.pl\/index.php\/polityka-prywatnosci\/\" aria-label=\"Dowiedz si\u0119 wi\u0119cej o \">Dowiedz si\u0119 wi\u0119cej<\/a><\/p>\n","protected":false},"author":1,"featured_media":0,"parent":0,"menu_order":0,"comment_status":"closed","ping_status":"closed","template":"","meta":{"footnotes":""},"class_list":["post-1029","page","type-page","status-publish"],"yoast_head":"<!-- This site is optimized with the Yoast SEO plugin v26.4 - https:\/\/yoast.com\/wordpress\/plugins\/seo\/ -->\n<title>polityka-prywatnosci<\/title>\n<meta name=\"robots\" content=\"index, follow, max-snippet:-1, max-image-preview:large, max-video-preview:-1\" \/>\n<link rel=\"canonical\" href=\"https:\/\/creatilaw.pl\/index.php\/polityka-prywatnosci\/\" \/>\n<meta property=\"og:locale\" content=\"pl_PL\" \/>\n<meta property=\"og:type\" content=\"article\" \/>\n<meta property=\"og:title\" content=\"polityka-prywatnosci\" \/>\n<meta property=\"og:description\" content=\"Polityka prywatno\u015bci i plik\u00f3w cookies 1. CreatiLaw Grudniewska, Tokarski, Gieroba Radcowie Prawni, przetwarzaj\u0105 dane osobowe, w zwi\u0105zku z funkcjonowaniem serwisu internetowego prowadzonego pod adresem: www.creatilaw.com (dalej jako: \u201eSerwis&#8221;). Administrator 2. Administratorem danych osobowych jest Kancelaria Radcy Prawnego Natalia Grudniewska oraz Kancelaria Radcy Prawnego Dominik Tokarski (dalej jako: \u201eAdministrator&#8221;), kt\u00f3ry przetwarza dane osobowe zgodnie z przepisami ... Dowiedz si\u0119 wi\u0119cej\" \/>\n<meta property=\"og:url\" content=\"https:\/\/creatilaw.pl\/index.php\/polityka-prywatnosci\/\" \/>\n<meta property=\"article:modified_time\" content=\"2026-02-05T19:24:28+00:00\" \/>\n<meta name=\"twitter:card\" content=\"summary_large_image\" \/>\n<meta name=\"twitter:label1\" content=\"Szacowany czas czytania\" \/>\n\t<meta name=\"twitter:data1\" content=\"7 minut\" \/>\n<script type=\"application\/ld+json\" class=\"yoast-schema-graph\">{\"@context\":\"https:\/\/schema.org\",\"@graph\":[{\"@type\":\"WebPage\",\"@id\":\"https:\/\/creatilaw.pl\/index.php\/polityka-prywatnosci\/\",\"url\":\"https:\/\/creatilaw.pl\/index.php\/polityka-prywatnosci\/\",\"name\":\"polityka-prywatnosci\",\"isPartOf\":{\"@id\":\"https:\/\/creatilaw.pl\/#website\"},\"datePublished\":\"2026-02-05T19:23:34+00:00\",\"dateModified\":\"2026-02-05T19:24:28+00:00\",\"inLanguage\":\"pl-PL\",\"potentialAction\":[{\"@type\":\"ReadAction\",\"target\":[\"https:\/\/creatilaw.pl\/index.php\/polityka-prywatnosci\/\"]}]},{\"@type\":\"WebSite\",\"@id\":\"https:\/\/creatilaw.pl\/#website\",\"url\":\"https:\/\/creatilaw.pl\/\",\"name\":\"\",\"description\":\"\",\"potentialAction\":[{\"@type\":\"SearchAction\",\"target\":{\"@type\":\"EntryPoint\",\"urlTemplate\":\"https:\/\/creatilaw.pl\/?s={search_term_string}\"},\"query-input\":{\"@type\":\"PropertyValueSpecification\",\"valueRequired\":true,\"valueName\":\"search_term_string\"}}],\"inLanguage\":\"pl-PL\"}]}<\/script>\n<!-- \/ Yoast SEO plugin. -->","yoast_head_json":{"title":"polityka-prywatnosci","robots":{"index":"index","follow":"follow","max-snippet":"max-snippet:-1","max-image-preview":"max-image-preview:large","max-video-preview":"max-video-preview:-1"},"canonical":"https:\/\/creatilaw.pl\/index.php\/polityka-prywatnosci\/","og_locale":"pl_PL","og_type":"article","og_title":"polityka-prywatnosci","og_description":"Polityka prywatno\u015bci i plik\u00f3w cookies 1. CreatiLaw Grudniewska, Tokarski, Gieroba Radcowie Prawni, przetwarzaj\u0105 dane osobowe, w zwi\u0105zku z funkcjonowaniem serwisu internetowego prowadzonego pod adresem: www.creatilaw.com (dalej jako: \u201eSerwis&#8221;). Administrator 2. Administratorem danych osobowych jest Kancelaria Radcy Prawnego Natalia Grudniewska oraz Kancelaria Radcy Prawnego Dominik Tokarski (dalej jako: \u201eAdministrator&#8221;), kt\u00f3ry przetwarza dane osobowe zgodnie z przepisami ... Dowiedz si\u0119 wi\u0119cej","og_url":"https:\/\/creatilaw.pl\/index.php\/polityka-prywatnosci\/","article_modified_time":"2026-02-05T19:24:28+00:00","twitter_card":"summary_large_image","twitter_misc":{"Szacowany czas czytania":"7 minut"},"schema":{"@context":"https:\/\/schema.org","@graph":[{"@type":"WebPage","@id":"https:\/\/creatilaw.pl\/index.php\/polityka-prywatnosci\/","url":"https:\/\/creatilaw.pl\/index.php\/polityka-prywatnosci\/","name":"polityka-prywatnosci","isPartOf":{"@id":"https:\/\/creatilaw.pl\/#website"},"datePublished":"2026-02-05T19:23:34+00:00","dateModified":"2026-02-05T19:24:28+00:00","inLanguage":"pl-PL","potentialAction":[{"@type":"ReadAction","target":["https:\/\/creatilaw.pl\/index.php\/polityka-prywatnosci\/"]}]},{"@type":"WebSite","@id":"https:\/\/creatilaw.pl\/#website","url":"https:\/\/creatilaw.pl\/","name":"","description":"","potentialAction":[{"@type":"SearchAction","target":{"@type":"EntryPoint","urlTemplate":"https:\/\/creatilaw.pl\/?s={search_term_string}"},"query-input":{"@type":"PropertyValueSpecification","valueRequired":true,"valueName":"search_term_string"}}],"inLanguage":"pl-PL"}]}},"_links":{"self":[{"href":"https:\/\/creatilaw.pl\/index.php\/wp-json\/wp\/v2\/pages\/1029","targetHints":{"allow":["GET"]}}],"collection":[{"href":"https:\/\/creatilaw.pl\/index.php\/wp-json\/wp\/v2\/pages"}],"about":[{"href":"https:\/\/creatilaw.pl\/index.php\/wp-json\/wp\/v2\/types\/page"}],"author":[{"embeddable":true,"href":"https:\/\/creatilaw.pl\/index.php\/wp-json\/wp\/v2\/users\/1"}],"replies":[{"embeddable":true,"href":"https:\/\/creatilaw.pl\/index.php\/wp-json\/wp\/v2\/comments?post=1029"}],"version-history":[{"count":1,"href":"https:\/\/creatilaw.pl\/index.php\/wp-json\/wp\/v2\/pages\/1029\/revisions"}],"predecessor-version":[{"id":1030,"href":"https:\/\/creatilaw.pl\/index.php\/wp-json\/wp\/v2\/pages\/1029\/revisions\/1030"}],"wp:attachment":[{"href":"https:\/\/creatilaw.pl\/index.php\/wp-json\/wp\/v2\/media?parent=1029"}],"curies":[{"name":"wp","href":"https:\/\/api.w.org\/{rel}","templated":true}]}}